rime factors of 81537708?
2, 3, 7, 970687
List the prime factors of 130182495.
3, 5, 8678833
List the prime factors of 11215268.
2, 2803817
What are the prime factors of 649928063?
2099, 309637
What are the prime factors of 1683871?
7, 293, 821
List the prime factors of 804941356.
2, 41, 4908179
List the prime factors of 806118507.
3, 41, 17761
What are the prime factors of 9720452?
2, 7, 29, 11971
What are the prime factors of 156058160?
2, 5, 167, 11681
What are the prime factors of 101040605?
5, 17, 41, 79, 367
List the prime factors of 42319708.
2, 41, 83, 3109
List the prime factors of 738161017.
11, 269, 249463
What are the prime factors of 13822598?
2, 17, 406547
List the prime factors of 487988584.
2, 60998573
List the prime factors of 1757327103.
3, 7, 109, 85303
List the prime factors of 1289230600.
2, 5, 7, 173, 5323
List the prime factors of 35574954.
2, 3, 19, 313, 997
What are the prime factors of 243126048?
2, 3, 11, 230233
List the prime factors of 36984068.
2, 11, 840547
List the prime factors of 2282148251.
23, 8849, 11213
What are the prime factors of 17067334?
2, 23, 371029
List the prime factors of 34504167.
3, 821, 14009
List the prime factors of 39143371.
449, 87179
List the prime factors of 4377622267.
43, 1693, 60133
List the prime factors of 6059274565.
5, 193, 6279041
List the prime factors of 141848796.
2, 3, 151, 78283
List the prime factors of 164003923.
164003923
What are the prime factors of 195631917?
3, 13, 31, 103, 1571
What are the prime factors of 200308521?
3, 7, 1362643
List the prime factors of 435743809.
23, 18945383
What are the prime factors of 83680987?
13, 17, 79, 4793
List the prime factors of 13238479.
59, 173, 1297
List the prime factors of 94203336.
2, 3, 397, 9887
What are the prime factors of 154375656?
2, 3, 337, 19087
List the prime factors of 485155608.
2, 3, 7, 1031, 2801
What are the prime factors of 481231825?
5, 47, 467, 877
List the prime factors of 309813949.
1103, 280883
List the prime factors of 4088844386.
2, 11, 17, 29, 31, 12161
What are the prime factors of 310722194?
2, 1277, 121661
List the prime factors of 446794924.
2, 109, 353, 2903
List the prime factors of 1154570187.
3, 257, 421, 3557
What are the prime factors of 38965475?
5, 1558619
List the prime factors of 1545326236.
2, 19231, 20089
List the prime factors of 70481428.
2, 17620357
List the prime factors of 65399884.
2, 11, 17, 87433
List the prime factors of 403107952.
2, 13, 19, 102001
What are the prime factors of 1048939012?
2, 11, 23, 491, 2111
What are the prime factors of 147011022?
2, 3, 2749, 2971
List the prime factors of 4563411824.
2, 14771, 19309
What are the prime factors of 9207411?
3, 41, 74857
List the prime factors of 7805750236.
2, 1951437559
What are the prime factors of 3797319937?
17, 569, 392569
What are the prime factors of 396928401?
3, 149, 643, 1381
List the prime factors of 127171540.
2, 5, 6358577
List the prime factors of 616962747.
3, 205654249
What are the prime factors of 783030108?
2, 3, 7, 467, 19961
What are the prime factors of 2405188760?
2, 5, 13, 53, 197, 443
What are the prime factors of 633259065?
3, 5, 43, 981797
What are the prime factors of 3711752153?
3711752153
List the prime factors of 9012276.
2, 3, 7, 13, 131
List the prime factors of 59282241.
3, 19760747
What are the prime factors of 2336114675?
5, 103, 907229
What are the prime factors of 247379483?
13, 29, 131, 5009
List the prime factors of 28104796.
2, 83, 84653
List the prime factors of 86236045.
5, 7, 2463887
List the prime factors of 1256198697.
3, 13, 17, 631573
What are the prime factors of 757283509?
757283509
What are the prime factors of 97579253?
97579253
List the prime factors of 454293666.
2, 3, 25238537
List the prime factors of 818223557.
1129, 724733
What are the prime factors of 515791322?
2, 17, 37, 410009
List the prime factors of 481752821.
11, 71, 616841
What are the prime factors of 49624460?
2, 5, 107, 23189
List the prime factors of 397845998.
2, 11, 18083909
What are the prime factors of 75616290?
2, 3, 5, 840181
List the prime factors of 1480711344.
2, 3, 7, 19, 137, 1693
What are the prime factors of 6125114?
2, 3062557
What are the prime factors of 163775763?
3, 19, 106417
What are the prime factors of 101825213?
7, 14546459
What are the prime factors of 39360909?
3, 7, 71, 26399
What are the prime factors of 75836316?
2, 3, 6319693
What are the prime factors of 197677346?
2, 98838673
What are the prime factors of 20877245?
5, 29, 143981
List the prime factors of 253442918.
2, 31, 571, 7159
List the prime factors of 944123462.
2, 1783, 264757
What are the prime factors of 598967518?
2, 23, 13021033
What are the prime factors of 1597461631?
149, 10721219
List the prime factors of 570749654.
2, 467, 611081
What are the prime factors of 155038973?
155038973
List the prime factors of 33131224.
2, 7, 23, 29, 887
What are the prime factors of 239292447?
3, 61, 269, 4861
What are the prime factors of 571127441?
19, 30059339
List the prime factors of 153914468.
2, 61, 630797
What are the prime factors of 104404574?
2, 241, 216607
What are the prime factors of 1787556465?
3, 5, 13241159
List the prime factors of 33810660.
2, 3, 5, 13, 14449
List the prime factors of 1446390983.
2833, 510551
List the prime factors of 474436438.
2, 7, 397, 85361
What are the prime factors of 20033036?
2, 5008259
List the prime factors of 196172222.
2, 3449, 28439
List the prime factors of 348999574.
2, 7, 11, 206021
List the prime factors of 319405417.
319405417
List the prime factors of 300770001.
3, 7, 17, 73, 3847
What are the prime factors of 124715640?
2, 3, 5, 7, 148471
What are the prime factors of 2756973234?
2, 3, 459495539
What are the prime factors of 122880268?
2, 7, 71, 113, 547
List the prime factors of 74809094.
2, 1499, 24953
What are the prime factors of 58812328?
2, 7351541
List the prime factors of 97502752.
2, 17, 179233
What are the prime factors of 227745373?
313, 727621
What are the prime factors of 841346009?
7, 53, 1399, 1621
List the prime factors of 193486116.
2, 3, 743, 21701
List the prime factors of 232164631.
17, 47, 223, 1303
List the prime factors of 72422418.
2, 3, 12070403
What are the prime factors of 415591739?
113, 3677803
What are the prime factors of 4623501?
3, 577, 2671
What are the prime factors of 673498551?
3, 11, 43, 474629
List the prime factors of 38484262.
2, 107, 179833
What are the prime factors of 1291111?
1291111
List the prime factors of 3393154038.
2, 3, 257, 2200489
What are the prime factors of 83726772?
2, 3, 6977231
List the prime factors of 950630587.
281, 1621, 2087
List the prime factors of 2332918658.
2, 7, 23, 1193, 6073
What are the prime factors of 163190941?
2153, 75797
List the prime factors of 726246854.
2, 363123427
What are the prime factors of 16804788?
2, 3, 7, 11, 13, 1399
What are the prime factors of 109221118?
2, 43, 1270013
What are the prime factors of 322268560?
2, 5, 31, 199, 653
List the prime factors of 101254016.
2, 791047
What are the prime factors of 42843095?
5, 8568619
List the prime factors of 3261769743.
3, 37, 373, 78781
List the prime factors of 24360380.
2, 5, 11, 110729
List the prime factors of 1151936288.
2, 43, 79, 10597
What are the prime factors of 86194445?
5, 17238889
List the prime factors of 6602890574.
2, 7, 37, 12746893
What are the prime factors of 1580881560?
2, 3, 5, 13174013
What are the prime factors of 93160518?
2, 3, 11, 31, 45533
What are the prime factors of 202866919?
29, 6995411
What are the prime factors of 30826208?
2, 7, 19, 7243
List the prime factors of 974974137.
3, 41, 7926619
What are the prime factors of 25080898?
2, 12540449
What are the prime factors of 108814044?
2, 3, 9067837
List the prime factors of 328752304.
2, 1721, 11939
What are the prime factors of 71946616?
2, 7, 19, 67619
List the prime factors of 3013057186.
2, 17, 37, 2395117
List the prime factors of 332974946.
2, 166487473
List the prime factors of 351369166.
2, 19, 9246557
What are the prime factors of 15193548?
2, 3, 140681
List the prime factors of 728937409.
677, 1076717
List the prime factors of 79997646.
2, 3, 97, 137453
List the prime factors of 253435919.
11, 23, 1001723
List the prime factors of 50679582.
2, 3,